 q + 95 = 2*q, 3*q = -4*s + 76. Suppose 4*o - 68 = -4*k, 3*o = 5*k - 0 + s. What is the remainder when f is divided by o?
12
Let f = 36 - 11. Suppose -2*h + 5*l + 38 = -h, 0 = -5*l - f. Calculate the remainder when 38 is divided by h.
12
Calculate the remainder when 59 is divided by 16/24 - 273/(-9).
28
Let f = -89 + 153. What is the remainder when 126 is divided by f?
62
Let c be ((-10)/25)/((-1)/10). Suppose -4*z = 2*w - 28, 2*z + 7 = 3*z - c*w. Let i(f) = f**2 - 6*f + 3. What is the remainder when 29 is divided by i(z)?
9
Let s(b) = 3*b**2 + 2 - 4*b**2 + 1 + b - b**3. Let a be 0 + -1 + 3 - 2. Calculate the remainder when s(a) is divided by 2.
1
Let n(j) = -j**2 - 2*j - 1. Let t be n(-3). Let d(a) = a**3 + 6*a**2 + 4*a - 5. What is the remainder when 42 is divided by d(t)?
9
Let p = -33 + 47. What is the remainder when 69 is divided by p?
13
Suppose 0 = 4*p - 0*p - 1120. Suppose -3*n - p = -7*n. Calculate the remainder when n is divided by 18.
16
Let y(j) = -2*j + 4. Let p be y(3). Calculate the remainder when 55 is divided by (-38)/(p*(0 - -1)).
17
Let m = 28 + -25. Suppose m = -3*n + 51. Let d(q) = 13*q**2 + 3*q. What is the remainder when d(-2) is divided by n?
14
Suppose 4*v - 83 = -a - 2*a, 0 = 5*a - 25. Let q = -1 + v. Calculate the remainder when q is divided by 6.
4
Let l(v) = -v**2 + 7*v + 11. Let y be l(8). Suppose 4*a - 2*b - 68 = -7*b, y*b = -a + 17. What is the remainder when 33 is divided by a?
16
Let v(y) = y**2 - 9*y - 2. Suppose -5*c + 4*f = -70, 5*c - 4*f = f + 75. Calculate the remainder when 28 is divided by v(c).
4
Let r(d) = d**2 + 10*d + 6. Let m = -12 - -7. Let b be r(m). Let f = -9 - b. Calculate the remainder when 28 is divided by f.
8
Suppose 5*f = -4*n + 241 - 98, 3*n + 133 = 4*f. Suppose -4*d - 6 = 2*s, -d - f = -4*s - 7. Calculate the remainder when 19 is divided by s.
4
Let g(y) = -y**2 - 8*y - 2. Let x(s) = -s**2 + s - 6. Let q be x(0). What is the remainder when 37 is divided by g(q)?
7
Let v = 2 - 2. Suppose -2*j + 1 - 3 = v. Let m = j + 9. What is the remainder when 22 is divided by m?
6
Let b(n) = n + 16. Suppose 0 = -3*j - 25 - 2. Let f(t) = t**3 - 3*t**2 - t. What is the remainder when f(4) is divided by b(j)?
5
Let d = -10 + 19. Suppose k - 3*k + 4 = 0. Suppose 2*n = 3*g - 11, -2*g + 0*g - k*n + 14 = 0. Calculate the remainder when d is divided by g.
4
Let y be 12/3 - (2 + -2). Suppose 3*l + 70 = y*l. What is the remainder when l is divided by 24?
22
Let m = -10 - -24. Let n = 64 + -39. What is the remainder when n is divided by m?
11
Let y(o) = -3*o**3 + 3*o**2 - 4. Calculate the remainder when y(-3) is divided by 36.
32
Suppose 4*g - 23 - 33 = 0. Let m = 22 + 4. Calculate the remainder when m is divided by g.
12
Let z(d) = -d + 2. Calculate the remainder when z(-8) is divided by 4.
2
Let h = 3 - 3. Let f(c) = c**2 + 19. What is the remainder when f(h) is divided by 0 + -1 + 0 - -11?
9
Let n(h) = h**2 + 7*h + 22. Calculate the remainder when 77 is divided by n(-4).
7
Let u(a) = -1 + a - 2*a + 2*a. Calculate the remainder when 7 is divided by u(5).
3
Let g = -49 - -58. What is the remainder when 10 is divided by g?
1
Let g(u) = u**3 - 5*u**2 + 2*u + 3. Let z(y) = y**2 + 5*y - 1. Let i be z(-6). Suppose -30 - 18 = -2*n. What is the remainder when n is divided by g(i)?
11
Suppose 8*p = 4*p + 20. Suppose 0 = -2*j - 4*u + 11 + p, 4*j = -5*u + 23. Calculate the remainder when 5/(-2)*(-11 + 9) is divided by j.
1
Let x(h) = h**3 - 18*h**2 + 18*h + 3. What is the remainder when 78 is divided by x(17)?
18
Let u(w) = 2*w**2 - 2*w. Let s be -3 + (-2 - 5 - 1). Calculate the remainder when (-240)/s + (-2)/(-11) is divided by u(3).
10
Calculate the remainder when (80/(-15))/(2/(-15)) is divided by 7.
5
Let z = -147 - -252. Calculate the remainder when z is divided by 27.
24
Let y be 9600/45 - (-4)/6. Suppose 3*r = -3*a + 204, a + y = 4*a - 2*r. What is the remainder when a is divided by 24?
22
Suppose 5*c - 50 = 2*d + 32, -c - 5*d + 11 = 0. What is the remainder when 95 is divided by c?
15
What is the remainder when 90 is divided by 134/6 - (-2)/3?
21
Let f be 3/(-6)*1*-2. What is the remainder when 25/(-10)*(f - 9) is divided by 7?
6
What is the remainder when 9 is divided by (-2)/11 - 910/(-286)?
0
Let p(j) = -6*j**3 + j**2 - j - 1. Let v be p(-1). Suppose k - v = n - 0, -4*n = -5*k + 39. What is the remainder when 20 is divided by k?
9
Suppose 5*h - 8 = 2. Suppose 2*u - 4*o + 110 = 4*u, h*u + o - 110 = 0. What is the remainder when u is divided by 14?
13
Let x = -34 - -78. Calculate the remainder when x is divided by 10/(-4)*30/(-5).
14
Let y(r) = r**3 - 8*r**2 - 8*r - 10. Let b be y(9). What is the remainder when b + 64/(-6)*-3 is divided by 8?
7
Let v(n) = 103*n - 3. Let y(k) = -34*k + 1. Let x(m) = 3*v(m) + 8*y(m). Let b be x(3). Suppose 11*s - b = 6*s. Calculate the remainder when s is divided by 8.
6
Suppose 62 + 76 = 6*o. What is the remainder when o is divided by 5?
3
Suppose 2*p - 7*p + k = -130, 5*k = 2*p - 29. Let b(h) = -h**3 + 3*h**2 + h + 4. What is the remainder when p is divided by b(3)?
6
Let n(w) = w**3 + 2*w**2 + w + 29. Calculate the remainder when n(0) is divided by 16.
13
Suppose 4*q - 22 - 150 = 0. Let w = q - 29. What is the remainder when 41 is divided by w?
13
What is the remainder when 126 is divided by 297/(-18)*(-1 - 1)?
27
Let b = 8 - -2. Calculate the remainder when b is divided by 6.
4
Suppose -8 = -4*i, 0*q + i - 11 = -3*q. Suppose -4*m + 16 = 4*k, 0*m = -3*m. Calculate the remainder when k is divided by q.
1
Let w(n) = -2*n + 32. Calculate the remainder when 27 is divided by w(7).
9
Suppose -4*v - 24 = -7*v. Calculate the remainder when v is divided by 3.
2
Let p = -13 - -28. Let i = p - 11. What is the remainder when i is divided by 3?
1
Let m = 14 + -9. Calculate the remainder when 9 is divided by m.
4
Let i = -6 + 12. Let k = 0 - -1. Let a(j) = 10*j**2 + 2*j - 1. Calculate the remainder when a(k) is divided by i.
5
Let v(g) = -6*g + 4. Calculate the remainder when v(-11) is divided by 12.
10
Let p be ((-6)/4)/((-21)/140). Suppose 8 = 4*b - 4*j, 0*j - p = -5*b - 3*j. What is the remainder when b is divided by 2?
0
Let b = -17 - -32. Suppose 0*p = 5*p - b. Calculate the remainder when 4 is divided by p.
1
Let a = 4 - 14. Let x(h) = h**3 + 11*h**2 + 9*h - 5. Let t be x(a). Suppose 0 = -3*u + 5*l + 121, -3 = 4*l + t. What is the remainder when u is divided by 19?
18
Let h(m) = m**3 - 5*m**2 + 6*m - 9. Calculate the remainder when 62 is divided by h(5).
20
What is the remainder when 3/(-9)*(3 + -7 - 62) is divided by 12?
10
What is the remainder when (1 + -2)*((0 - -1) + -8) is divided by 3?
1
What is the remainder when ((-13)/5)/(12/15 + -1) is divided by 8?
5
Calculate the remainder when 76 - 0 - (10 + -14) is divided by 27.
26
Calculate the remainder when 30 is divided by 8/(-20) - 57/(-5).
8
Let p(c) = c**2 - 3*c + 10. Calculate the remainder when p(7) is divided by 20.
18
Suppose -3*k + 5 = -10. Let d(m) = -m**3 + 5*m**2 - 3*m + 7. Let l be d(k). Let g(p) = -p**2 - 9*p - 2. What is the remainder when 22 is divided by g(l)?
4
Let m be -18 - 1*(-2 - -1). Let c = 47 + m. Suppose 4*l - 9 = -f, -l - c + 113 = 5*f. Calculate the remainder when 32 is divided by f.
15
Let m(j) = -j**2 + 5*j + 7. Let x be m(6). Let r = x + -1. Let v(q) = q + 11. Calculate the remainder when v(r) is divided by 3.
2
Let q = 1 - -14. Calculate the remainder when 59 is divided by q.
14
Suppose 0 = -2*c + 4, -3*h + 161 = -c + 2*c. Calculate the remainder when h is divided by (24/14)/(9/((-945)/(-10))).
17
Let t = -16 - -48. What is the remainder when t is divided by 9?
5
Let p(m) = -m**2 + 10*m - 1. What is the remainder when 12 is divided by p(9)?
4
Let x be -3 + 8 + 0/1. Let v(h) = -h + 9. What is the remainder when 14 is divided by v(x)?
2
Suppose 0 = 2*r - 52 + 8. Suppose 5 - 17 = -3*f. Calculate the remainder when r is divided by 47/f - 2/(-8).
10
Suppose -h - h + 68 = 0. Let s = h - 22. Calculate the remainder when 21 is divided by s.
9
Let d = 36 - 30. What is the remainder when 16 is divided by d?
4
Suppose o + 14 = 4*s - o, 3*o = -4*s + 29. Let d = s - -12. Calculate the remainder when d is divided by 9.
8
Let m = -137 - -145. What is the remainder when (-92)/(-6) + 2/(-6) is divided by m?
7
Sup